{"id":970,"date":"2026-02-18T00:42:40","date_gmt":"2026-02-18T00:42:40","guid":{"rendered":"https:\/\/distribucionesdeoccidente.com.mx\/?post_type=product&#038;p=970"},"modified":"2026-04-14T02:28:23","modified_gmt":"2026-04-14T02:28:23","slug":"angel-de-irish-collection-eau-de-parfum-100-ml","status":"publish","type":"product","link":"https:\/\/distribucionesdeoccidente.com.mx\/index.php\/product\/angel-de-irish-collection-eau-de-parfum-100-ml\/","title":{"rendered":"Angel de Irish Collection \u2013 Eau de Parfum 100 ml"},"content":{"rendered":"<p data-start=\"57\" data-end=\"490\">Una fragancia unisex envolvente, sofisticada y con una firma olfativa moderna que combina dulzura y profundidad en perfecta armon\u00eda. <em data-start=\"190\" data-end=\"197\">Angel<\/em> abre con notas frutales jugosas y luminosas que aportan energ\u00eda y car\u00e1cter desde el primer instante, evolucionando hacia un coraz\u00f3n floral cremoso y gourmand que aporta feminidad y sensualidad. Su fondo almizclado, ambarado y ligeramente dulce deja una estela elegante, c\u00e1lida y muy duradera.<\/p>\n<p data-start=\"492\" data-end=\"640\">Ideal para uso diario, citas o salidas nocturnas, esta fragancia es perfecta para quienes buscan un aroma vers\u00e1til, dulce y con presencia memorable.<\/p>\n<p data-start=\"642\" data-end=\"765\"><strong data-start=\"642\" data-end=\"663\">Familia olfativa:<\/strong> Oriental floral gourmand<br data-start=\"688\" data-end=\"691\" \/><strong data-start=\"691\" data-end=\"708\">Presentaci\u00f3n:<\/strong> 100 ml<br data-start=\"715\" data-end=\"718\" \/><strong data-start=\"718\" data-end=\"727\">Tipo:<\/strong> Eau de Parfum<br data-start=\"741\" data-end=\"744\" \/><strong data-start=\"744\" data-end=\"756\">P\u00fablico:<\/strong> Unisex<\/p>\n<p data-start=\"767\" data-end=\"948\">Inspirado en el estilo dulce y emblem\u00e1tico de <strong data-start=\"813\" data-end=\"822\">Angel<\/strong> de Thierry Mugler, ofreciendo una experiencia envolvente, dulce-gourmand y sofisticada con excelente relaci\u00f3n calidad\u2013precio.<\/p>\n","protected":false},"excerpt":{"rendered":"<p>Una fragancia unisex envolvente, sofisticada y con una firma olfativa moderna que combina dulzura y profundidad en perfecta armon\u00eda. Angel abre con notas frutales jugosas y luminosas que aportan energ\u00eda y car\u00e1cter desde el primer instante, evolucionando hacia un coraz\u00f3n floral cremoso y gourmand que aporta feminidad y sensualidad. Su fondo almizclado, ambarado y ligeramente [&hellip;]<\/p>\n","protected":false},"featured_media":971,"comment_status":"open","ping_status":"closed","template":"","meta":[],"product_brand":[],"product_cat":[40,15,31,49,41],"product_tag":[],"class_list":{"0":"post-970","1":"product","2":"type-product","3":"status-publish","4":"has-post-thumbnail","6":"product_cat-amaran","7":"product_cat-uncategorized","8":"product_cat-mujer","9":"product_cat-perfumes-arabes","10":"product_cat-unisex","12":"first","13":"instock","14":"shipping-taxable","15":"purchasable","16":"product-type-simple"},"_links":{"self":[{"href":"https:\/\/distribucionesdeoccidente.com.mx\/index.php\/wp-json\/wp\/v2\/product\/970","targetHints":{"allow":["GET"]}}],"collection":[{"href":"https:\/\/distribucionesdeoccidente.com.mx\/index.php\/wp-json\/wp\/v2\/product"}],"about":[{"href":"https:\/\/distribucionesdeoccidente.com.mx\/index.php\/wp-json\/wp\/v2\/types\/product"}],"replies":[{"embeddable":true,"href":"https:\/\/distribucionesdeoccidente.com.mx\/index.php\/wp-json\/wp\/v2\/comments?post=970"}],"wp:featuredmedia":[{"embeddable":true,"href":"https:\/\/distribucionesdeoccidente.com.mx\/index.php\/wp-json\/wp\/v2\/media\/971"}],"wp:attachment":[{"href":"https:\/\/distribucionesdeoccidente.com.mx\/index.php\/wp-json\/wp\/v2\/media?parent=970"}],"wp:term":[{"taxonomy":"product_brand","embeddable":true,"href":"https:\/\/distribucionesdeoccidente.com.mx\/index.php\/wp-json\/wp\/v2\/product_brand?post=970"},{"taxonomy":"product_cat","embeddable":true,"href":"https:\/\/distribucionesdeoccidente.com.mx\/index.php\/wp-json\/wp\/v2\/product_cat?post=970"},{"taxonomy":"product_tag","embeddable":true,"href":"https:\/\/distribucionesdeoccidente.com.mx\/index.php\/wp-json\/wp\/v2\/product_tag?post=970"}],"curies":[{"name":"wp","href":"https:\/\/api.w.org\/{rel}","templated":true}]}}