{"id":857,"date":"2026-02-12T01:18:00","date_gmt":"2026-02-12T01:18:00","guid":{"rendered":"https:\/\/distribucionesdeoccidente.com.mx\/?post_type=product&#038;p=857"},"modified":"2026-04-14T02:29:59","modified_gmt":"2026-04-14T02:29:59","slug":"laffair-tigras-men-eau-de-parfum-100-ml","status":"publish","type":"product","link":"https:\/\/distribucionesdeoccidente.com.mx\/index.php\/product\/laffair-tigras-men-eau-de-parfum-100-ml\/","title":{"rendered":"Tigras Men de L\u2019Affair\u2013 Eau de Parfum 100 ml"},"content":{"rendered":"<p data-start=\"51\" data-end=\"490\">Una fragancia masculina poderosa, audaz y con un car\u00e1cter distintivo que deja una impresi\u00f3n duradera. Tigras Men abre con notas especiadas intensas que transmiten energ\u00eda y confianza desde el primer instante, evolucionando hacia un coraz\u00f3n amaderado y arom\u00e1tico que aporta profundidad y sofisticaci\u00f3n. Su fondo es c\u00e1lido, almizclado y ligeramente dulce, dejando una estela masculina, elegante y envolvente que permanece con gran presencia.<\/p>\n<p data-start=\"492\" data-end=\"688\">Ideal para noches, eventos especiales o ocasiones en que deseas destacar con estilo y fuerza, este perfume est\u00e1 dise\u00f1ado para hombres que buscan un aroma con car\u00e1cter fuerte y personalidad propia.<\/p>\n<p data-start=\"690\" data-end=\"817\"><strong data-start=\"690\" data-end=\"711\">Familia olfativa:<\/strong> Oriental amaderada especiada<br data-start=\"740\" data-end=\"743\" \/><strong data-start=\"743\" data-end=\"760\">Presentaci\u00f3n:<\/strong> 100 ml<br data-start=\"767\" data-end=\"770\" \/><strong data-start=\"770\" data-end=\"779\">Tipo:<\/strong> Eau de Parfum<br data-start=\"793\" data-end=\"796\" \/><strong data-start=\"796\" data-end=\"808\">P\u00fablico:<\/strong> Hombre<\/p>\n<p data-start=\"819\" data-end=\"992\">Inspirado en el estilo potente y sofisticado de <strong>Tygar<\/strong> de Bvlgari , ofreciendo una experiencia especiada, c\u00e1lida y moderna con excelente relaci\u00f3n calidad\u2013precio.<\/p>\n","protected":false},"excerpt":{"rendered":"<p>Una fragancia masculina poderosa, audaz y con un car\u00e1cter distintivo que deja una impresi\u00f3n duradera. Tigras Men abre con notas especiadas intensas que transmiten energ\u00eda y confianza desde el primer instante, evolucionando hacia un coraz\u00f3n amaderado y arom\u00e1tico que aporta profundidad y sofisticaci\u00f3n. Su fondo es c\u00e1lido, almizclado y ligeramente dulce, dejando una estela masculina, [&hellip;]<\/p>\n","protected":false},"featured_media":858,"comment_status":"open","ping_status":"closed","template":"","meta":[],"product_brand":[],"product_cat":[15,37,49],"product_tag":[],"class_list":{"0":"post-857","1":"product","2":"type-product","3":"status-publish","4":"has-post-thumbnail","6":"product_cat-uncategorized","7":"product_cat-lffair","8":"product_cat-perfumes-arabes","10":"first","11":"instock","12":"shipping-taxable","13":"purchasable","14":"product-type-simple"},"_links":{"self":[{"href":"https:\/\/distribucionesdeoccidente.com.mx\/index.php\/wp-json\/wp\/v2\/product\/857","targetHints":{"allow":["GET"]}}],"collection":[{"href":"https:\/\/distribucionesdeoccidente.com.mx\/index.php\/wp-json\/wp\/v2\/product"}],"about":[{"href":"https:\/\/distribucionesdeoccidente.com.mx\/index.php\/wp-json\/wp\/v2\/types\/product"}],"replies":[{"embeddable":true,"href":"https:\/\/distribucionesdeoccidente.com.mx\/index.php\/wp-json\/wp\/v2\/comments?post=857"}],"wp:featuredmedia":[{"embeddable":true,"href":"https:\/\/distribucionesdeoccidente.com.mx\/index.php\/wp-json\/wp\/v2\/media\/858"}],"wp:attachment":[{"href":"https:\/\/distribucionesdeoccidente.com.mx\/index.php\/wp-json\/wp\/v2\/media?parent=857"}],"wp:term":[{"taxonomy":"product_brand","embeddable":true,"href":"https:\/\/distribucionesdeoccidente.com.mx\/index.php\/wp-json\/wp\/v2\/product_brand?post=857"},{"taxonomy":"product_cat","embeddable":true,"href":"https:\/\/distribucionesdeoccidente.com.mx\/index.php\/wp-json\/wp\/v2\/product_cat?post=857"},{"taxonomy":"product_tag","embeddable":true,"href":"https:\/\/distribucionesdeoccidente.com.mx\/index.php\/wp-json\/wp\/v2\/product_tag?post=857"}],"curies":[{"name":"wp","href":"https:\/\/api.w.org\/{rel}","templated":true}]}}