{"id":854,"date":"2026-02-12T01:16:04","date_gmt":"2026-02-12T01:16:04","guid":{"rendered":"https:\/\/distribucionesdeoccidente.com.mx\/?post_type=product&#038;p=854"},"modified":"2026-04-14T03:15:25","modified_gmt":"2026-04-14T03:15:25","slug":"laffair-swag-women-eau-de-parfum-100-ml","status":"publish","type":"product","link":"https:\/\/distribucionesdeoccidente.com.mx\/index.php\/product\/laffair-swag-women-eau-de-parfum-100-ml\/","title":{"rendered":"Swag Women de L\u2019Affair \u2013 Eau de Parfum 100 ml"},"content":{"rendered":"<p data-start=\"51\" data-end=\"492\">Una fragancia femenina moderna, audaz y con personalidad que combina frescura y sensualidad en una firma olfativa memorable. Swag Women abre con notas frutales vibrantes y jugosas que aportan energ\u00eda y luminosidad desde el primer instante, evolucionando hacia un coraz\u00f3n floral especiado que equilibra feminidad con un car\u00e1cter decidido. Su base es c\u00e1lida, almizclada y ligeramente dulce, dejando una estela seductora, elegante y muy actual.<\/p>\n<p data-start=\"494\" data-end=\"639\">Perfecta para uso diario, citas o salidas nocturnas, Swag Women es ideal para mujeres que buscan un aroma con presencia, estilo y actitud propia.<\/p>\n<p data-start=\"641\" data-end=\"752\"><strong data-start=\"641\" data-end=\"662\">Familia olfativa:<\/strong> Floral frutal<br data-start=\"676\" data-end=\"679\" \/><strong data-start=\"679\" data-end=\"696\">Presentaci\u00f3n:<\/strong> 100 ml<br data-start=\"703\" data-end=\"706\" \/><strong data-start=\"706\" data-end=\"715\">Tipo:<\/strong> Eau de Parfum<br data-start=\"729\" data-end=\"732\" \/><strong data-start=\"732\" data-end=\"744\">P\u00fablico:<\/strong> Mujer<\/p>\n<p data-start=\"754\" data-end=\"929\">Inspirado en el estilo moderno y dulce de <strong>Scandal<\/strong> de Jean Paul Gaultier , ofreciendo una experiencia femenina, atrevida y sofisticada con excelente relaci\u00f3n calidad\u2013precio.<\/p>\n","protected":false},"excerpt":{"rendered":"<p>Una fragancia femenina moderna, audaz y con personalidad que combina frescura y sensualidad en una firma olfativa memorable. Swag Women abre con notas frutales vibrantes y jugosas que aportan energ\u00eda y luminosidad desde el primer instante, evolucionando hacia un coraz\u00f3n floral especiado que equilibra feminidad con un car\u00e1cter decidido. Su base es c\u00e1lida, almizclada y [&hellip;]<\/p>\n","protected":false},"featured_media":1573,"comment_status":"open","ping_status":"closed","template":"","meta":[],"product_brand":[],"product_cat":[50,37,31,49],"product_tag":[],"class_list":{"0":"post-854","1":"product","2":"type-product","3":"status-publish","4":"has-post-thumbnail","6":"product_cat-destacados","7":"product_cat-lffair","8":"product_cat-mujer","9":"product_cat-perfumes-arabes","11":"first","12":"instock","13":"shipping-taxable","14":"purchasable","15":"product-type-simple"},"_links":{"self":[{"href":"https:\/\/distribucionesdeoccidente.com.mx\/index.php\/wp-json\/wp\/v2\/product\/854","targetHints":{"allow":["GET"]}}],"collection":[{"href":"https:\/\/distribucionesdeoccidente.com.mx\/index.php\/wp-json\/wp\/v2\/product"}],"about":[{"href":"https:\/\/distribucionesdeoccidente.com.mx\/index.php\/wp-json\/wp\/v2\/types\/product"}],"replies":[{"embeddable":true,"href":"https:\/\/distribucionesdeoccidente.com.mx\/index.php\/wp-json\/wp\/v2\/comments?post=854"}],"wp:featuredmedia":[{"embeddable":true,"href":"https:\/\/distribucionesdeoccidente.com.mx\/index.php\/wp-json\/wp\/v2\/media\/1573"}],"wp:attachment":[{"href":"https:\/\/distribucionesdeoccidente.com.mx\/index.php\/wp-json\/wp\/v2\/media?parent=854"}],"wp:term":[{"taxonomy":"product_brand","embeddable":true,"href":"https:\/\/distribucionesdeoccidente.com.mx\/index.php\/wp-json\/wp\/v2\/product_brand?post=854"},{"taxonomy":"product_cat","embeddable":true,"href":"https:\/\/distribucionesdeoccidente.com.mx\/index.php\/wp-json\/wp\/v2\/product_cat?post=854"},{"taxonomy":"product_tag","embeddable":true,"href":"https:\/\/distribucionesdeoccidente.com.mx\/index.php\/wp-json\/wp\/v2\/product_tag?post=854"}],"curies":[{"name":"wp","href":"https:\/\/api.w.org\/{rel}","templated":true}]}}