{"id":695,"date":"2026-02-04T01:27:03","date_gmt":"2026-02-04T01:27:03","guid":{"rendered":"https:\/\/distribucionesdeoccidente.com.mx\/?post_type=product&#038;p=695"},"modified":"2026-04-14T02:39:19","modified_gmt":"2026-04-14T02:39:19","slug":"mon-prive-de-riiffs-eau-de-parfum-100-ml","status":"publish","type":"product","link":"https:\/\/distribucionesdeoccidente.com.mx\/index.php\/product\/mon-prive-de-riiffs-eau-de-parfum-100-ml\/","title":{"rendered":"Mon Priv\u00e9 de Riiffs \u2013 Eau de Parfum 100 ml"},"content":{"rendered":"<p data-start=\"73\" data-end=\"404\">Una fragancia femenina elegante, rom\u00e1ntica y profundamente seductora. <strong data-start=\"143\" data-end=\"156\">Mon Priv\u00e9<\/strong> abre con notas dulces y afrutadas que aportan una sensaci\u00f3n suave y envolvente, evolucionando hacia un coraz\u00f3n floral cremoso que realza su feminidad. Su fondo es c\u00e1lido, avainillado y ambarado, dejando una estela sensual, delicada y muy duradera.<\/p>\n<p data-start=\"406\" data-end=\"583\">Es un perfume ideal para la noche, citas o momentos especiales donde quieres sentirte sofisticada y atractiva. Mon Priv\u00e9 proyecta elegancia, dulzura y una presencia encantadora.<\/p>\n<p data-start=\"585\" data-end=\"683\"><strong data-start=\"585\" data-end=\"606\">Familia olfativa:<\/strong> Floral oriental dulce<br data-start=\"628\" data-end=\"631\" \/><strong data-start=\"631\" data-end=\"648\">Presentaci\u00f3n:<\/strong> 100 ml<br data-start=\"655\" data-end=\"658\" \/><strong data-start=\"658\" data-end=\"667\">Tipo:<\/strong> Eau de Parfum<\/p>\n<p data-start=\"685\" data-end=\"858\">Inspirado en el estilo rom\u00e1ntico y femenino de <em data-start=\"732\" data-end=\"762\">Yves Saint Laurent Mon Paris<\/em>, ofrece una experiencia similar con un toque m\u00e1s suave y una excelente relaci\u00f3n calidad\u2013precio.<\/p>\n","protected":false},"excerpt":{"rendered":"<p>Una fragancia femenina elegante, rom\u00e1ntica y profundamente seductora. Mon Priv\u00e9 abre con notas dulces y afrutadas que aportan una sensaci\u00f3n suave y envolvente, evolucionando hacia un coraz\u00f3n floral cremoso que realza su feminidad. Su fondo es c\u00e1lido, avainillado y ambarado, dejando una estela sensual, delicada y muy duradera. Es un perfume ideal para la noche, [&hellip;]<\/p>\n","protected":false},"featured_media":697,"comment_status":"open","ping_status":"closed","template":"","meta":[],"product_brand":[],"product_cat":[31,49,33],"product_tag":[],"class_list":{"0":"post-695","1":"product","2":"type-product","3":"status-publish","4":"has-post-thumbnail","6":"product_cat-mujer","7":"product_cat-perfumes-arabes","8":"product_cat-riiffs","10":"first","11":"instock","12":"shipping-taxable","13":"purchasable","14":"product-type-simple"},"_links":{"self":[{"href":"https:\/\/distribucionesdeoccidente.com.mx\/index.php\/wp-json\/wp\/v2\/product\/695","targetHints":{"allow":["GET"]}}],"collection":[{"href":"https:\/\/distribucionesdeoccidente.com.mx\/index.php\/wp-json\/wp\/v2\/product"}],"about":[{"href":"https:\/\/distribucionesdeoccidente.com.mx\/index.php\/wp-json\/wp\/v2\/types\/product"}],"replies":[{"embeddable":true,"href":"https:\/\/distribucionesdeoccidente.com.mx\/index.php\/wp-json\/wp\/v2\/comments?post=695"}],"wp:featuredmedia":[{"embeddable":true,"href":"https:\/\/distribucionesdeoccidente.com.mx\/index.php\/wp-json\/wp\/v2\/media\/697"}],"wp:attachment":[{"href":"https:\/\/distribucionesdeoccidente.com.mx\/index.php\/wp-json\/wp\/v2\/media?parent=695"}],"wp:term":[{"taxonomy":"product_brand","embeddable":true,"href":"https:\/\/distribucionesdeoccidente.com.mx\/index.php\/wp-json\/wp\/v2\/product_brand?post=695"},{"taxonomy":"product_cat","embeddable":true,"href":"https:\/\/distribucionesdeoccidente.com.mx\/index.php\/wp-json\/wp\/v2\/product_cat?post=695"},{"taxonomy":"product_tag","embeddable":true,"href":"https:\/\/distribucionesdeoccidente.com.mx\/index.php\/wp-json\/wp\/v2\/product_tag?post=695"}],"curies":[{"name":"wp","href":"https:\/\/api.w.org\/{rel}","templated":true}]}}