{"id":654,"date":"2026-02-04T00:45:05","date_gmt":"2026-02-04T00:45:05","guid":{"rendered":"https:\/\/distribucionesdeoccidente.com.mx\/?post_type=product&#038;p=654"},"modified":"2026-04-14T03:03:27","modified_gmt":"2026-04-14T03:03:27","slug":"forever-absolu-by-riiffs-eau-de-parfum-100-ml","status":"publish","type":"product","link":"https:\/\/distribucionesdeoccidente.com.mx\/index.php\/product\/forever-absolu-by-riiffs-eau-de-parfum-100-ml\/","title":{"rendered":"Forever Absolu de Riiffs \u2013 Eau de Parfum 100 ml"},"content":{"rendered":"<p data-start=\"284\" data-end=\"650\">Una fragancia <strong data-start=\"298\" data-end=\"310\">femenina<\/strong>, intensa, dulce y profundamente seductora. <strong data-start=\"354\" data-end=\"372\">Forever Absolu<\/strong> abre con acordes dulces y afrutados que transmiten una sensaci\u00f3n c\u00e1lida y envolvente, evolucionando hacia un coraz\u00f3n floral cremoso con un toque elegante y moderno. Su fondo es avainillado, ambarado y ligeramente empolvado, dejando una estela adictiva, femenina y muy duradera.<\/p>\n<p data-start=\"652\" data-end=\"849\">Es un perfume ideal para la noche, citas y ocasiones especiales donde quieres destacar con un aroma dulce, glamuroso y con mucha personalidad. Proyecta sensualidad, elegancia y un aura sofisticada.<\/p>\n<p data-start=\"851\" data-end=\"949\"><strong data-start=\"851\" data-end=\"872\">Familia olfativa:<\/strong> Oriental dulce floral<br data-start=\"894\" data-end=\"897\" \/><strong data-start=\"897\" data-end=\"914\">Presentaci\u00f3n:<\/strong> 100 ml<br data-start=\"921\" data-end=\"924\" \/><strong data-start=\"924\" data-end=\"933\">Tipo:<\/strong> Eau de Parfum<\/p>\n<p data-start=\"951\" data-end=\"1126\">Inspirado en el estilo dulce, glamuroso y femenino de <strong>Baccarat Rouge 540<\/strong>, ofrece una experiencia similar con un car\u00e1cter m\u00e1s intenso y una excelente relaci\u00f3n calidad\u2013precio.<\/p>\n","protected":false},"excerpt":{"rendered":"<p>Una fragancia femenina, intensa, dulce y profundamente seductora. Forever Absolu abre con acordes dulces y afrutados que transmiten una sensaci\u00f3n c\u00e1lida y envolvente, evolucionando hacia un coraz\u00f3n floral cremoso con un toque elegante y moderno. Su fondo es avainillado, ambarado y ligeramente empolvado, dejando una estela adictiva, femenina y muy duradera. Es un perfume ideal [&hellip;]<\/p>\n","protected":false},"featured_media":1561,"comment_status":"open","ping_status":"closed","template":"","meta":[],"product_brand":[],"product_cat":[50,31,49,33],"product_tag":[],"class_list":{"0":"post-654","1":"product","2":"type-product","3":"status-publish","4":"has-post-thumbnail","6":"product_cat-destacados","7":"product_cat-mujer","8":"product_cat-perfumes-arabes","9":"product_cat-riiffs","11":"first","12":"instock","13":"shipping-taxable","14":"purchasable","15":"product-type-simple"},"_links":{"self":[{"href":"https:\/\/distribucionesdeoccidente.com.mx\/index.php\/wp-json\/wp\/v2\/product\/654","targetHints":{"allow":["GET"]}}],"collection":[{"href":"https:\/\/distribucionesdeoccidente.com.mx\/index.php\/wp-json\/wp\/v2\/product"}],"about":[{"href":"https:\/\/distribucionesdeoccidente.com.mx\/index.php\/wp-json\/wp\/v2\/types\/product"}],"replies":[{"embeddable":true,"href":"https:\/\/distribucionesdeoccidente.com.mx\/index.php\/wp-json\/wp\/v2\/comments?post=654"}],"wp:featuredmedia":[{"embeddable":true,"href":"https:\/\/distribucionesdeoccidente.com.mx\/index.php\/wp-json\/wp\/v2\/media\/1561"}],"wp:attachment":[{"href":"https:\/\/distribucionesdeoccidente.com.mx\/index.php\/wp-json\/wp\/v2\/media?parent=654"}],"wp:term":[{"taxonomy":"product_brand","embeddable":true,"href":"https:\/\/distribucionesdeoccidente.com.mx\/index.php\/wp-json\/wp\/v2\/product_brand?post=654"},{"taxonomy":"product_cat","embeddable":true,"href":"https:\/\/distribucionesdeoccidente.com.mx\/index.php\/wp-json\/wp\/v2\/product_cat?post=654"},{"taxonomy":"product_tag","embeddable":true,"href":"https:\/\/distribucionesdeoccidente.com.mx\/index.php\/wp-json\/wp\/v2\/product_tag?post=654"}],"curies":[{"name":"wp","href":"https:\/\/api.w.org\/{rel}","templated":true}]}}