{"id":645,"date":"2026-02-03T23:35:46","date_gmt":"2026-02-03T23:35:46","guid":{"rendered":"https:\/\/distribucionesdeoccidente.com.mx\/?post_type=product&#038;p=645"},"modified":"2026-04-14T02:49:50","modified_gmt":"2026-04-14T02:49:50","slug":"ciao-by-riiffs-eau-de-parfum-100-ml","status":"publish","type":"product","link":"https:\/\/distribucionesdeoccidente.com.mx\/index.php\/product\/ciao-by-riiffs-eau-de-parfum-100-ml\/","title":{"rendered":"Ciao de Riiffs \u2013 Eau de Parfum 100 ml"},"content":{"rendered":"<p data-start=\"68\" data-end=\"381\">Una fragancia femenina alegre, dulce y encantadora. <strong data-start=\"120\" data-end=\"128\">Ciao<\/strong> abre con notas afrutadas suaves que transmiten frescura y energ\u00eda, evolucionando hacia un coraz\u00f3n floral delicado que aporta feminidad y ligereza. Su fondo es c\u00e1lido, cremoso y ligeramente avainillado, dejando una estela dulce, juvenil y muy agradable.<\/p>\n<p data-start=\"383\" data-end=\"557\">Es un perfume ideal para el uso diario, salidas casuales o momentos donde buscas un aroma bonito, ligero y f\u00e1cil de llevar. Proyecta una sensaci\u00f3n coqueta, fresca y femenina.<\/p>\n<p data-start=\"559\" data-end=\"657\"><strong data-start=\"559\" data-end=\"580\">Familia olfativa:<\/strong> Floral afrutada dulce<br data-start=\"602\" data-end=\"605\" \/><strong data-start=\"605\" data-end=\"622\">Presentaci\u00f3n:<\/strong> 100 ml<br data-start=\"629\" data-end=\"632\" \/><strong data-start=\"632\" data-end=\"641\">Tipo:<\/strong> Eau de Parfum<\/p>\n<p data-start=\"659\" data-end=\"819\">Inspirado en el estilo dulce y juvenil de <em data-start=\"701\" data-end=\"722\">Ariana Grande Cloud<\/em>, ofrece una experiencia similar con un toque m\u00e1s fresco y una excelente relaci\u00f3n calidad\u2013precio.<\/p>\n","protected":false},"excerpt":{"rendered":"<p>Una fragancia femenina alegre, dulce y encantadora. Ciao abre con notas afrutadas suaves que transmiten frescura y energ\u00eda, evolucionando hacia un coraz\u00f3n floral delicado que aporta feminidad y ligereza. Su fondo es c\u00e1lido, cremoso y ligeramente avainillado, dejando una estela dulce, juvenil y muy agradable. Es un perfume ideal para el uso diario, salidas casuales [&hellip;]<\/p>\n","protected":false},"featured_media":646,"comment_status":"open","ping_status":"closed","template":"","meta":[],"product_brand":[],"product_cat":[31,49,33],"product_tag":[],"class_list":{"0":"post-645","1":"product","2":"type-product","3":"status-publish","4":"has-post-thumbnail","6":"product_cat-mujer","7":"product_cat-perfumes-arabes","8":"product_cat-riiffs","10":"first","11":"instock","12":"sale","13":"shipping-taxable","14":"purchasable","15":"product-type-simple"},"_links":{"self":[{"href":"https:\/\/distribucionesdeoccidente.com.mx\/index.php\/wp-json\/wp\/v2\/product\/645","targetHints":{"allow":["GET"]}}],"collection":[{"href":"https:\/\/distribucionesdeoccidente.com.mx\/index.php\/wp-json\/wp\/v2\/product"}],"about":[{"href":"https:\/\/distribucionesdeoccidente.com.mx\/index.php\/wp-json\/wp\/v2\/types\/product"}],"replies":[{"embeddable":true,"href":"https:\/\/distribucionesdeoccidente.com.mx\/index.php\/wp-json\/wp\/v2\/comments?post=645"}],"wp:featuredmedia":[{"embeddable":true,"href":"https:\/\/distribucionesdeoccidente.com.mx\/index.php\/wp-json\/wp\/v2\/media\/646"}],"wp:attachment":[{"href":"https:\/\/distribucionesdeoccidente.com.mx\/index.php\/wp-json\/wp\/v2\/media?parent=645"}],"wp:term":[{"taxonomy":"product_brand","embeddable":true,"href":"https:\/\/distribucionesdeoccidente.com.mx\/index.php\/wp-json\/wp\/v2\/product_brand?post=645"},{"taxonomy":"product_cat","embeddable":true,"href":"https:\/\/distribucionesdeoccidente.com.mx\/index.php\/wp-json\/wp\/v2\/product_cat?post=645"},{"taxonomy":"product_tag","embeddable":true,"href":"https:\/\/distribucionesdeoccidente.com.mx\/index.php\/wp-json\/wp\/v2\/product_tag?post=645"}],"curies":[{"name":"wp","href":"https:\/\/api.w.org\/{rel}","templated":true}]}}