{"id":1002,"date":"2026-02-18T01:25:03","date_gmt":"2026-02-18T01:25:03","guid":{"rendered":"https:\/\/distribucionesdeoccidente.com.mx\/?post_type=product&#038;p=1002"},"modified":"2026-04-14T02:40:16","modified_gmt":"2026-04-14T02:40:16","slug":"lumina-rose-de-stella-dustin-eau-de-parfum-100-ml","status":"publish","type":"product","link":"https:\/\/distribucionesdeoccidente.com.mx\/index.php\/product\/lumina-rose-de-stella-dustin-eau-de-parfum-100-ml\/","title":{"rendered":"Lumina Rose de Stella Dustin \u2013 Eau de Parfum 100 ml"},"content":{"rendered":"<p data-start=\"60\" data-end=\"501\">Una fragancia femenina floral, elegante y sofisticada que celebra la rosa con un toque moderno y luminoso. <em data-start=\"167\" data-end=\"180\">Lumina Rose<\/em> abre con notas frutales jugosas que aportan una sensaci\u00f3n de frescura y alegr\u00eda desde el primer instante, evolucionando hacia un coraz\u00f3n dominado por la rosa y matices florales delicados que transmiten feminidad y encanto. Su base almizclada y ligeramente dulce deja una estela refinada, suave y muy agradable al olfato.<\/p>\n<p data-start=\"503\" data-end=\"708\">Perfecta para uso diario, citas rom\u00e1nticas o eventos especiales, esta fragancia est\u00e1 dise\u00f1ada para mujeres que buscan un aroma <strong data-start=\"630\" data-end=\"670\">floral delicado, elegante y vers\u00e1til<\/strong> con un car\u00e1cter suave pero memorable.<\/p>\n<p data-start=\"710\" data-end=\"821\"><strong data-start=\"710\" data-end=\"731\">Familia olfativa:<\/strong> Floral frutal<br data-start=\"745\" data-end=\"748\" \/><strong data-start=\"748\" data-end=\"765\">Presentaci\u00f3n:<\/strong> 100 ml<br data-start=\"772\" data-end=\"775\" \/><strong data-start=\"775\" data-end=\"784\">Tipo:<\/strong> Eau de Parfum<br data-start=\"798\" data-end=\"801\" \/><strong data-start=\"801\" data-end=\"813\">P\u00fablico:<\/strong> Mujer<\/p>\n<p data-start=\"823\" data-end=\"1002\">Inspirado en el estilo floral y refinado de <strong data-start=\"867\" data-end=\"897\">Miss Dior Blooming Bouquet<\/strong> de Dior, ofreciendo una experiencia femenina, elegante y luminosa con excelente relaci\u00f3n calidad\u2013precio.<\/p>\n","protected":false},"excerpt":{"rendered":"<p>Una fragancia femenina floral, elegante y sofisticada que celebra la rosa con un toque moderno y luminoso. Lumina Rose abre con notas frutales jugosas que aportan una sensaci\u00f3n de frescura y alegr\u00eda desde el primer instante, evolucionando hacia un coraz\u00f3n dominado por la rosa y matices florales delicados que transmiten feminidad y encanto. Su base [&hellip;]<\/p>\n","protected":false},"featured_media":1003,"comment_status":"open","ping_status":"closed","template":"","meta":[],"product_brand":[],"product_cat":[31,49,35],"product_tag":[],"class_list":{"0":"post-1002","1":"product","2":"type-product","3":"status-publish","4":"has-post-thumbnail","6":"product_cat-mujer","7":"product_cat-perfumes-arabes","8":"product_cat-stella-dustin","10":"first","11":"instock","12":"shipping-taxable","13":"purchasable","14":"product-type-simple"},"_links":{"self":[{"href":"https:\/\/distribucionesdeoccidente.com.mx\/index.php\/wp-json\/wp\/v2\/product\/1002","targetHints":{"allow":["GET"]}}],"collection":[{"href":"https:\/\/distribucionesdeoccidente.com.mx\/index.php\/wp-json\/wp\/v2\/product"}],"about":[{"href":"https:\/\/distribucionesdeoccidente.com.mx\/index.php\/wp-json\/wp\/v2\/types\/product"}],"replies":[{"embeddable":true,"href":"https:\/\/distribucionesdeoccidente.com.mx\/index.php\/wp-json\/wp\/v2\/comments?post=1002"}],"wp:featuredmedia":[{"embeddable":true,"href":"https:\/\/distribucionesdeoccidente.com.mx\/index.php\/wp-json\/wp\/v2\/media\/1003"}],"wp:attachment":[{"href":"https:\/\/distribucionesdeoccidente.com.mx\/index.php\/wp-json\/wp\/v2\/media?parent=1002"}],"wp:term":[{"taxonomy":"product_brand","embeddable":true,"href":"https:\/\/distribucionesdeoccidente.com.mx\/index.php\/wp-json\/wp\/v2\/product_brand?post=1002"},{"taxonomy":"product_cat","embeddable":true,"href":"https:\/\/distribucionesdeoccidente.com.mx\/index.php\/wp-json\/wp\/v2\/product_cat?post=1002"},{"taxonomy":"product_tag","embeddable":true,"href":"https:\/\/distribucionesdeoccidente.com.mx\/index.php\/wp-json\/wp\/v2\/product_tag?post=1002"}],"curies":[{"name":"wp","href":"https:\/\/api.w.org\/{rel}","templated":true}]}}